 + 2 + i**3 - 6*i**3 - i**2. Let c be f(-2). Calculate the highest common divisor of c and q.
10
Suppose 5*h + 3 + 37 = 5*y, 2*h + 3*y + 21 = 0. Let c = h - -12. Let b be 3/((2 - c) + 4). What is the highest common divisor of b and 7?
1
Suppose 4*l + 5*s - 15 = 2*l, -3*s = -4*l + 17. Suppose -3*n = 4*d - 43, 23 = 3*d - l*n - 2. Calculate the highest common factor of 4 and d.
2
Let d = -11 + 23. Let v be (3 - (-42)/(-4))*(-16)/d. What is the highest common divisor of v and 10?
10
Let y = 48 - -4. Let o = y - 47. What is the highest common divisor of o and 20?
5
Let x be 6 + (372/3 - (4 + 0)). Calculate the greatest common factor of x and 27.
9
Let k = -79 + 91. Suppose v = 46 + 2. What is the greatest common factor of k and v?
12
Let v = -18 - -25. Let r(d) = d**2 + d + 2. Let t be r(0). Let g be (t - 11)*(-63)/v. Calculate the highest common factor of 9 and g.
9
Let p be (-9)/(-12) - 10/(-8). Suppose -p*h - h = -270. Let l = 109 - 99. Calculate the highest common factor of h and l.
10
Let u be (1 - -1) + (176 - (12 + -5)). Calculate the highest common factor of 19 and u.
19
Suppose 0 = -5*x - 4*f - 23 - 37, -5*f = -2*x - 24. Let t be (-110)/(-1)*x/(-30). What is the greatest common factor of 44 and t?
44
Let m be 1*(2/(-1) + 7). Suppose y - 49 = -4*s + 76, m*y + 4*s - 609 = 0. Let n(j) = 2*j + 3. Let r be n(4). What is the greatest common divisor of r and y?
11
Suppose p + 3*r = -0*r + 66, -p - r = -70. Suppose -8*b + 6 = 5*d - 4*b, 0 = d + 2*b. Suppose -6 - d = -x. What is the greatest common divisor of x and p?
8
Let b be 52 + -18 - (-7 + 1). What is the greatest common divisor of 32 and b?
8
Let x(d) = d**3 + 4*d**2 + 3*d. Let o be x(-2). Suppose 20*l + 36*l - 224 = 0. What is the greatest common factor of l and o?
2
Let o = 15 - -51. Let z = 2905 - 2740. What is the highest common factor of z and o?
33
Suppose -4*c + 2*l = -0*c + 146, -c - 32 = -5*l. Let k(m) = 7*m**2 + 2*m + 5. Let d be k(4). Let b = d + c. Calculate the greatest common factor of b and 11.
11
Let f be 4/(-22) + 1590/33. Let n(d) = -2*d**2 + 12*d - 10. Let w be n(9). Let v = 184 + w. What is the greatest common factor of v and f?
24
Suppose p - 4*p = -36. Suppose 0*a - 5*u + 30 = 4*a, -2*a + 6 = -2*u. Let b be 39/a - (-3)/30*2. What is the highest common factor of p and b?
4
Let i = -4742 + 7763. Let c be i/12 + 1/4. Let d = -71 + 99. What is the greatest common divisor of d and c?
28
Let g = 1062 - 1043. What is the greatest common factor of g and 57?
19
Let s = -70 + 160. Calculate the highest common divisor of 45 and s.
45
Suppose -c + 0*c = -17. Let l(s) = 2*s**2 - 7*s + 11. Let z be l(-8). Suppose -4*p = -z + 59. What is the highest common factor of c and p?
17
Let n be (8 + -6)/(2/412). Suppose 5*z - z = 4*j - n, -j = -5*z - 115. What is the greatest common divisor of 10 and j?
10
Let t be ((-4)/4)/((-2)/10). Suppose t*w - 2*w = 24. Suppose 2*r = w*r - 72. Calculate the highest common factor of 30 and r.
6
Let r = 1914 + -1642. Suppose 4*f - 137 = n, 2*f + n - 69 = 2*n. What is the greatest common factor of r and f?
34
Let f be (-111)/185 + 156/10. Let i(u) = -u**2 - 13*u + 3. Let b be i(-12). What is the greatest common factor of f and b?
15
Let p(l) = 2*l - 4*l - 3*l + 2 + 6*l. Let f be p(8). Suppose -4*y + 3*v - 4 = 7*v, -y - 3*v - 11 = 0. What is the highest common divisor of f and y?
2
Let u = 35 - 11. Let f = u + -4. Suppose -3*v + 115 = -5*j, -3*j + 170 = 5*v - 7*j. What is the greatest common factor of v and f?
10
Suppose -5*h + 123 + 77 = 0. Let w be 3/(-4) + -5 + (-284)/(-16). Suppose 0 = 4*t - w, -114 = 3*g + 2*t - 420. What is the greatest common divisor of g and h?
20
Let z be (-8 - (-24)/6)/(1/(-9)). Calculate the highest common divisor of z and 684.
36
Suppose -36*m + 360 = -30*m. What is the greatest common factor of 15 and m?
15
Let h = -28 + 46. Let u be 4 - (6/(-8) - 3451/476). What is the greatest common divisor of u and h?
6
Let g be 37 + ((-230)/45 - (-3)/27). What is the highest common factor of 48 and g?
16
Let l be 0 - (-4 + 3/1 + -14). Let y be 6/(-15) - (-261)/l. Calculate the greatest common factor of 119 and y.
17
Let i = 118 + -76. Let h(u) = 2*u - 39. Let j be h(21). Suppose j*p - i = p. Calculate the highest common factor of 14 and p.
7
Let o be 9/((-15)/5) + 107. What is the greatest common divisor of o and 2?
2
Let g be 2/(-8) + (-10115)/20. Let y = -218 - g. Calculate the greatest common divisor of 32 and y.
32
Let g = -365 + 401. Let b = -841 + 1237. What is the greatest common divisor of g and b?
36
Suppose -2019 = -36*s + 10941. Calculate the greatest common factor of s and 72.
72
Let l = 65 - 45. Suppose 18*j - l*j + 34 = 0. What is the highest common divisor of j and 187?
17
Suppose 0 = -2*y - 5*z + 219, -2*y + 0*z + 3*z = -195. Let q(x) = -10*x**3 - x**2 + 2*x. Let w be q(-3). Calculate the highest common divisor of w and y.
51
Let x be (-5)/(25/38) - (-6)/(-15). Let z(w) = w**3 + 11*w**2 + 4*w - 6. Let a be z(x). What is the highest common factor of a and 14?
14
Let m = 2462 - 2366. What is the greatest common divisor of m and 216?
24
Let r = 9 - 7. Suppose 0 = -d + r*y + 11, -3*d + 5*y + 16 = -14. Calculate the greatest common divisor of 25 and d.
5
Suppose 6*y - 32 = 2*y. Let z(v) = 2*v + 8. Let a be z(y). Let u = 31 + -15. What is the highest common factor of a and u?
8
Let k(o) = -53*o - 313. Let v be k(-6). Suppose 4*t + 5*b + 3 = 0, 0 = 2*t - 3*t - 2*b - 3. What is the highest common divisor of t and v?
1
Suppose -3*n - z + 15 = 3*z, 3*n = z. Let h(s) = s**2 - 8*s - 13. Let x be h(8). Let g = 17 + x. What is the greatest common factor of n and g?
1
Let q be 11*11 - (32 + -28). What is the greatest common divisor of 18 and q?
9
Suppose -227 = -w - 2*f + 261, -489 = -w - 3*f. What is the greatest common factor of 216 and w?
54
Let d(n) = n**3 - 6*n**2 - n + 10. Let p be d(6). Suppose 2*l - p - 2 = 0. Calculate the greatest common factor of l and 15.
3
Let t = -93 - -167. Suppose 2*s + 2*k - 46 = 0, -7*k = -4*s - 2*k + t. Let n = 317 - 170. What is the greatest common factor of s and n?
21
Suppose 0 = 26*p + 7 - 267. Calculate the greatest common factor of p and 235.
5
Let f = 888 - 496. What is the greatest common factor of 8 and f?
8
Let t(y) = y**3 + 16*y**2 - 4*y - 46. Let i be t(-16). Suppose -9 = -2*k - 5*j, 0 = -3*k + j + 5. What is the greatest common divisor of k and i?
2
Suppose -10*y - 60 = -860. Let m be 395/4 + y/64. Calculate the highest common divisor of m and 25.
25
Suppose 9*h - 2905 = 6293. What is the greatest common factor of h and 14?
14
Let j = -690 - -710. Suppose -5*u = 2*a - 8, -3*a - 2*a - 3*u = -20. Calculate the greatest common factor of a and j.
4
Suppose 0 = 2*y - 5*f - 483, -5*y + 2*f + 732 = -486. What is the highest common factor of y and 61?
61
Let b = -72 - -72. Suppose b = -3*m + 8*m - 5. Calculate the highest common factor of 5 and m.
1
Suppose 0*g + 3*g = 9. Let a(h) = -3*h**3 + 12*h**2 + 5*h + 1. Let y be a(4). What is the greatest common divisor of y and g?
3
Let m(b) = -b**2 - 167 - 6*b - 163 + 494 - 161. Let n be 0/1 + -4 - 1. Let u be m(n). What is the greatest common divisor of 72 and u?
8
Suppose 3*c + 263 = 5*x, 5*x - 2*c - 116 = 146. What is the highest common factor of 39 and x?
13
Suppose 4*v - 74 - 6 = 0. Let d = 71 - 51. Calculate the greatest common factor of v and d.
20
Let m = 37 + -42. Let p(q) = -q**3 - 2*q + 9. Let n be p(m). Calculate the greatest common divisor of n and 16.
16
Let a = -16 - -21. Let x(l) = -2*l**2 + a*l - 1 - 4*l + l**3 + 0*l - 2. Let j be x(3). Calculate the greatest common factor of 45 and j.
9
Let c be 11*(1 - -2)/(-3). Let p = c + 25. Let s = -50 - -85. What is the greatest common factor of p and s?
7
Let r = 2 + -3. Let j(d) = 43*d + 58*d - 113*d. Let w be j(r). What is the highest common divisor of w and 30?
6
Let b be ((-264)/(-28))/(-4 + 460/112). Let h = -22 + 44. What is the highest common divisor of h and b?
22
Let v = 22 - 18. Suppose -2*y + v = -y. Suppose 364 = 3*q + q + y*f, -4*q + 5*f = -400. Calculate the highest common factor of q and 38.
19
Suppose -4*v + 204 = 32. Calculate the highest common divisor of v and 1075.
43
Let k = -38 + 39. Let q be k/5 - (-2)/((-20)/(-118)). Suppose -6*l + 4*l + 120 = 0. Calculate the greatest 